11
Calculate the remainder when 1071369 is divided by 38.
35
What is the remainder when 499187 is divided by 216?
11
What is the remainder when 1758 is divided by 290?
18
Calculate the remainder when 25542 is divided by 387.
0
Calculate the remainder when 15364 is divided by 31.
19
Calculate the remainder when 5036 is divided by 228.
20
What is the remainder when 238786 is divided by 201?
199
What is the remainder when 672671 is divided by 11?
10
Calculate the remainder when 63076 is divided by 155.
146
Calculate the remainder when 116 is divided by 35.
11
Calculate the remainder when 8934 is divided by 85.
9
What is the remainder when 36982 is divided by 268?
266
What is the remainder when 2630 is divided by 524?
10
What is the remainder when 706 is divided by 298?
110
Calculate the remainder when 6144 is divided by 14.
12
What is the remainder when 46562 is divided by 46551?
11
Calculate the remainder when 11516 is divided by 2710.
676
Calculate the remainder when 249013 is divided by 207.
199
Calculate the remainder when 4403 is divided by 401.
393
What is the remainder when 1177086 is divided by 88?
86
What is the remainder when 16699 is divided by 1855?
4
What is the remainder when 13750 is divided by 315?
205
Calculate the remainder when 4555988 is divided by 28.
24
Calculate the remainder when 77986 is divided by 25.
11
What is the remainder when 139974 is divided by 172?
138
What is the remainder when 1703 is divided by 1597?
106
What is the remainder when 2425 is divided by 221?
215
Calculate the remainder when 53753 is divided by 58.
45
Calculate the remainder when 122525 is divided by 632.
549
Calculate the remainder when 120601 is divided by 27.
19
Calculate the remainder when 6853 is divided by 328.
293
What is the remainder when 178616 is divided by 390?
386
What is the remainder when 28781 is divided by 87?
71
Calculate the remainder when 1451 is divided by 366.
353
Calculate the remainder when 1303 is divided by 241.
98
What is the remainder when 5807 is divided by 980?
907
What is the remainder when 12022 is divided by 28?
10
Calculate the remainder when 48563 is divided by 5395.
8
Calculate the remainder when 1812 is divided by 302.
0
What is the remainder when 498700 is divided by 91?
20
Calculate the remainder when 21897 is divided by 810.
27
Calculate the remainder when 273 is divided by 96.
81
What is the remainder when 126200 is divided by 69?
68
Calculate the remainder when 2917 is divided by 2443.
474
Calculate the remainder when 23981 is divided by 3995.
11
Calculate the remainder when 28611 is divided by 529.
45
Calculate the remainder when 252292 is divided by 963.
949
What is the remainder when 4560707 is divided by 110?
107
What is the remainder when 56042 is divided by 11184?
122
What is the remainder when 610217 is divided by 385?
377
Calculate the remainder when 16535 is divided by 1032.
23
What is the remainder when 6007 is divided by 371?
71
What is the remainder when 8163 is divided by 18?
9
What is the remainder when 252973 is divided by 973?
966
Calculate the remainder when 26062 is divided by 633.
109
What is the remainder when 3158 is divided by 519?
44
Calculate the remainder when 57780 is divided by 11555.
5
What is the remainder when 86250 is divided by 144?
138
What is the remainder when 516 is divided by 52?
48
Calculate the remainder when 7732 is divided by 181.
130
Calculate the remainder when 61545 is divided by 61501.
44
Calculate the remainder when 15791 is divided by 48.
47
Calculate the remainder when 15306 is divided by 5095.
21
What is the remainder when 1028909 is divided by 342966?
11
Calculate the remainder when 2256 is divided by 1119.
18
Calculate the remainder when 4596 is divided by 37.
8
What is the remainder when 24172 is divided by 4018?
64
What is the remainder when 26726 is divided by 33?
29
What is the remainder when 4914 is divided by 246?
240
What is the remainder when 7308 is divided by 14?
0
What is the remainder when 190053 is divided by 190000?
53
Calculate the remainder when 156287 is divided by 16.
15
Calculate the remainder when 104359 is divided by 17392.
7
Calculate the remainder when 1147804 is divided by 64.
28
What is the remainder when 42309 is divided by 8456?
29
Calculate the remainder when 23095 is divided by 196.
163
Calculate the remainder when 25785 is divided by 5116.
205
What is the remainder when 122603 is divided by 30?
23
What is the remainder when 4462 is divided by 69?
46
What is the remainder when 12701 is divided by 15?
11
Calculate the remainder when 1704 is divided by 305.
179
Calculate the remainder when 204197 is divided by 1660.
17
Calculate the remainder when 54447 is divided by 64.
47
What is the remainder when 5276 is divided by 2630?
16
What is the remainder when 1402227 is divided by 430?
427
What is the remainder when 377430 is divided by 17?
13
What is the remainder when 59871 is divided by 71?
18
Calculate the remainder when 260285 is divided by 14.
11
Calculate the remainder when 188753 is divided by 1.
0
Calculate the remainder when 36447 is divided by 140.
47
Calculate the remainder when 18758 is divided by 9319.
120
What is the remainder when 2831 is divided by 348?
47
Calculate the remainder when 11987 is divided by 2396.
7
What is the remainder when 898039 is divided by 628?
627
Calculate the remainder when 30513 is divided by 37.
25
Calculate the remainder when 110659 is divided by 36876.
31
Calculate the remainder when 2712 is divided by 162.
120
Calculate the remainder when 853503 is divided by 284501.
0
Calculate the remainder when 1396 is divided by 17.
2
What is the remainder when 46971 is divided by 46?
5
Calculate the remainder when 4060 is divided by 17.
14
Calculate the remainder when 738607 is divided by 771.
760
Calculate the remainder when 697561 is divided by 551.
546
Calculate the remainder when 5130 is divided by 105.
90
What is the remainder when 366890 is divided by 146?
138
Calculate the remainder when 62268 is divided by 1556.
28
What is the remainder when 65537 is divided by 512?
1
What is the remainder when 7272717 is divided by 70?
67
Calculate the remainder when 152066 is divided by 10133.
71
What is the remainder when 11917 is divided by 21?
10
Calculate the remainder when 627 is divided by 155.
7
What is the remainder when 14119 is divided by 1069?
222
What is the remainder when 71671 is divided by 66?
61
Calculate the remainder when 958 is divided by 419.
120
What is the remainder when 11844 is divided by 135?
99
What is the remainder when 2318 is divided by 745?
83
What is the remainder when 14172 is divided by 106?
74
Calculate the remainder when 70588 is divided by 1358.
1330
Calculate the remainder when 12828 is divided by 34.
10
Calculate the remainder when 591 is divided by 550.
41
Calculate the remainder when 905 is divided by 156.
125
What is the remainder when 14159 is divided by 146?
143
What is the remainder when 15389 is divided by 81?
80
What is the remainder when 59252 is divided by 248?
228
Calculate the remainder when 30217 is divided by 17.
8
What is the remainder when 1474 is divided by 72?
34
What is the remainder when 42921 is divided by 135?
126
What is the remainder when 51575 is divided by 42?
41
Calculate the remainder when 26627 is divided by 8873.
8
Calculate the remainder when 303705 is divided by 12.
9
Calculate the remainder when 200036 is divided by 433.
423
Calculate the remainder when 599184 is divided by 3026.
36
What is the remainder when 284047 is divided by 46?
43
What is the remainder when 503128 is divided by 62?
60
What is the remainder when 430744 is divided by 17?
15
What is the remainder when 14667 is divided by 14468?
199
What is the remainder when 360733 is divided by 19?
18
What is the remainder when 21592 is divided by 955?
582
What is the remainder when 698 is divided by 484?
214
Calculate the remainder when 124576 is divided by 62276.
24
What is the remainder when 27865 is divided by 3973?
54
What is the remainder when 14376 is divided by 158?
156
What is the remainder when 115595 is divided by 24?
11
Calculate the remainder when 60511 is divided by 231.
220
What is the remainder when 4216 is divided by 22?
14
Calculate the remainder when 22873 is div